factors of 2708?
2, 677
What are the prime factors of 1520?
2, 5, 19
What are the prime factors of 78048?
2, 3, 271
List the prime factors of 6981.
3, 13, 179
What are the prime factors of 838?
2, 419
List the prime factors of 2153.
2153
List the prime factors of 1632.
2, 3, 17
What are the prime factors of 8437?
11, 13, 59
What are the prime factors of 369?
3, 41
List the prime factors of 2241.
3, 83
What are the prime factors of 4487?
7, 641
List the prime factors of 8327.
11, 757
What are the prime factors of 578?
2, 17
What are the prime factors of 7484?
2, 1871
What are the prime factors of 66558?
2, 3, 11093
What are the prime factors of 16007?
16007
List the prime factors of 3684.
2, 3, 307
What are the prime factors of 3075?
3, 5, 41
List the prime factors of 7859.
29, 271
What are the prime factors of 242?
2, 11
List the prime factors of 1202.
2, 601
What are the prime factors of 23053?
23053
What are the prime factors of 744?
2, 3, 31
What are the prime factors of 8620?
2, 5, 431
What are the prime factors of 2840?
2, 5, 71
What are the prime factors of 31970?
2, 5, 23, 139
What are the prime factors of 1100?
2, 5, 11
List the prime factors of 25005.
3, 5, 1667
List the prime factors of 1123.
1123
What are the prime factors of 3207?
3, 1069
What are the prime factors of 17873?
61, 293
What are the prime factors of 1526?
2, 7, 109
List the prime factors of 24626.
2, 7, 1759
What are the prime factors of 25568?
2, 17, 47
What are the prime factors of 3482?
2, 1741
List the prime factors of 47986.
2, 23993
List the prime factors of 1011.
3, 337
List the prime factors of 37771.
107, 353
What are the prime factors of 2004?
2, 3, 167
What are the prime factors of 17118?
2, 3, 317
What are the prime factors of 20757?
3, 11, 17, 37
What are the prime factors of 6572?
2, 31, 53
List the prime factors of 741.
3, 13, 19
What are the prime factors of 1715?
5, 7
What are the prime factors of 5986?
2, 41, 73
What are the prime factors of 115816?
2, 31, 467
List the prime factors of 36241.
36241
What are the prime factors of 540?
2, 3, 5
List the prime factors of 1008.
2, 3, 7
List the prime factors of 7439.
43, 173
List the prime factors of 1766.
2, 883
List the prime factors of 20708.
2, 31, 167
What are the prime factors of 4998?
2, 3, 7, 17
List the prime factors of 30128.
2, 7, 269
List the prime factors of 1329.
3, 443
What are the prime factors of 419?
419
What are the prime factors of 34578?
2, 3, 17, 113
List the prime factors of 422.
2, 211
What are the prime factors of 9113?
13, 701
What are the prime factors of 4032?
2, 3, 7
What are the prime factors of 13182?
2, 3, 13
List the prime factors of 21664.
2, 677
What are the prime factors of 50475?
3, 5, 673
What are the prime factors of 11665?
5, 2333
What are the prime factors of 4510?
2, 5, 11, 41
List the prime factors of 7576.
2, 947
What are the prime factors of 109083?
3, 13, 2797
List the prime factors of 141373.
109, 1297
List the prime factors of 7216.
2, 11, 41
List the prime factors of 1241.
17, 73
What are the prime factors of 7055?
5, 17, 83
List the prime factors of 2992.
2, 11, 17
What are the prime factors of 34936?
2, 11, 397
What are the prime factors of 2291?
29, 79
What are the prime factors of 134088?
2, 3, 37, 151
List the prime factors of 10770.
2, 3, 5, 359
List the prime factors of 2.
2
What are the prime factors of 5411?
7, 773
List the prime factors of 776.
2, 97
What are the prime factors of 2018?
2, 1009
List the prime factors of 335.
5, 67
List the prime factors of 1925.
5, 7, 11
What are the prime factors of 88993?
88993
What are the prime factors of 15963?
3, 17, 313
List the prime factors of 917.
7, 131
What are the prime factors of 1807?
13, 139
List the prime factors of 36784.
2, 11, 19
List the prime factors of 22693.
11, 2063
List the prime factors of 81476.
2, 20369
What are the prime factors of 25638?
2, 3, 4273
List the prime factors of 864.
2, 3
List the prime factors of 4830.
2, 3, 5, 7, 23
List the prime factors of 1151.
1151
List the prime factors of 366.
2, 3, 61
What are the prime factors of 1601?
1601
List the prime factors of 55.
5, 11
List the prime factors of 12834.
2, 3, 23, 31
What are the prime factors of 36439?
13, 2803
What are the prime factors of 1255?
5, 251
List the prime factors of 1722.
2, 3, 7, 41
List the prime factors of 15563.
79, 197
What are the prime factors of 416?
2, 13
What are the prime factors of 904?
2, 113
What are the prime factors of 957?
3, 11, 29
What are the prime factors of 40970?
2, 5, 17, 241
List the prime factors of 72459.
3, 83, 97
List the prime factors of 2337.
3, 19, 41
List the prime factors of 5045.
5, 1009
What are the prime factors of 102516?
2, 3, 8543
List the prime factors of 3024.
2, 3, 7
What are the prime factors of 19607?
7, 2801
What are the prime factors of 8908?
2, 17, 131
List the prime factors of 65385.
3, 5, 1453
What are the prime factors of 14154?
2, 3, 7, 337
List the prime factors of 5975.
5, 239
List the prime factors of 8067.
3, 2689
What are the prime factors of 993?
3, 331
List the prime factors of 4763.
11, 433
List the prime factors of 752.
2, 47
What are the prime factors of 12419?
11, 1129
What are the prime factors of 54192?
2, 3, 1129
What are the prime factors of 976?
2, 61
What are the prime factors of 117896?
2, 14737
List the prime factors of 75583.
75583
List the prime factors of 50777.
50777
What are the prime factors of 1834?
2, 7, 131
What are the prime factors of 10959?
3, 13, 281
List the prime factors of 2102.
2, 1051
What are the prime factors of 3774?
2, 3, 17, 37
What are the prime factors of 24689?
7, 3527
List the prime factors of 6040.
2, 5, 151
What are the prime factors of 6569?
6569
What are the prime factors of 305?
5, 61
List the prime factors of 2876.
2, 719
List the prime factors of 1578.
2, 3, 263
What are the prime factors of 2951?
13, 227
List the prime factors of 2552.
2, 11, 29
What are the prime factors of 23456?
2, 733
List the prime factors of 155289.
3, 37, 1399
What are the prime factors of 1816?
2, 227
What are the prime factors of 13912?
2, 37, 47
List the prime factors of 116367.
3, 79, 491
What are the prime factors of 33427?
33427
List the prime factors of 26522.
2, 89, 149
What are the prime factors of 5999?
7, 857
List the prime factors of 87899.
7, 29, 433
What are the prime factors of 25175?
5, 19, 53
What are the prime factors of 18023?
67, 269
List the prime factors of 551.
19, 29
List the prime factors of 47315.
5, 9463
List the prime factors of 72862.
2, 17, 2143
What are the prime factors of 1805?
5, 19
What are the prime factors of 4114?
2, 11, 17
List the prime factors of 80532.
2, 3, 2237
List the prime factors of 9563.
73, 131
List the prime factors of 68293.
31, 2203
What are the prime factors of 21096?
2, 3, 293
List the prime factors of 1663.
1663
What are the prime factors of 4146?
2, 3, 691
What are the prime factors of 82?
2, 41
List the prime factors of 5376.
2, 3, 7
List the prime factors of 133.
7, 19
List the prime factors of 4380.
2, 3, 5, 73
List the prime factors of 103725.
3, 5, 461
What are the prime factors of 708?
2, 3, 59
List the prime factors of 1622.
2, 811
List the prime factors of 2372.
2, 593
List the prime factors of 1543.
1543
List the prime factors of 6580.
2, 5, 7, 47
What are the prime factors of 1131?
3, 13, 29
List the prime factors of 232.
2, 29
List the prime factors of 41442.
2, 3, 6907
What are the prime factors of 12192?
2, 3, 127
What are the prime factors of 26190?
2, 3, 5, 97
List the prime factors of 55522.
2, 17, 23, 71
List the prime factors of 2039.
2039
List the prime factors of 195705.
3, 5, 4349
What are the prime factors of 907?
907
List the prime factors of 13227.
3, 4409
List the prime factors of 271.
271
What are the prime factors of 712?
2, 89
List the prime factors of 902.
2, 11, 41
List the prime factors of 14799.
3, 4933
List the prime factors of 274.
2, 137
List the prime factors of 934.
2, 467
What are the prime factors of 35174?
2, 43, 409
What are the prime factors of 24086?
2, 12043
What are the prime factors of 10426?
2, 13, 401
List the prime factors of 830.
2, 5, 83
What are the prime factors of 104327?
104327
What are the prime factors of 636?
2, 3, 53
